 2*f. Let c(q) = q**3 + 20*q**2 + 66*q + 32. Let i be c(j). Let p(a) = -a**3 - 10. Give p(i).
-10
Let m be ((-10)/1)/((-240)/(-192)). Let z(y) = -y**3 - 8*y**2 - 2*y - 23. Calculate z(m).
-7
Suppose 35 = -2*u + 17*a - 22*a, -3*a = -5*u - 41. Let b(v) = 4*v + 42. Determine b(u).
2
Let f(o) = 6*o**2 + 38*o + 10*o - 5*o**3 - 49*o - 12 + 4*o**3 + 2*o. Calculate f(6).
-6
Let d(l) = -2*l**3 - 37*l**2 - 11*l + 128. Let j be d(-18). Let i(p) be the first derivative of 4/3*p**3 + 0*p**j - 2*p + 37 + 1/4*p**4. Give i(-3).
7
Let z(q) = -18*q**2 + 35*q + 32. Let t(f) = 25*f**2 - 51*f - 47. Let x(b) = 5*t(b) + 7*z(b). What is x(-9)?
-2
Suppose 8 = 10716*c - 10715*c. Let l(s) = 6*s - 44. What is l(c)?
4
Let n(c) = -c**3 - 9*c**2 + 9*c - 15. Suppose -12*b + 51*b = 27*b - 120. What is n(b)?
-5
Let q(u) = -4*u + 18. Let n be q(4). Suppose 3*g - i = -g + 13, -3*g + n*i + 11 = 0. Let x(p) = 7*p**2 - 9*p - 4 - 2*p**2 + p**g + 1 - p**2. Determine x(-6).
-21
Suppose 92*s - 31 + 71 = -52. Let b(f) = 14*f**3 - 1. Calculate b(s).
-15
Let v(j) = 508 + 322 - 833 - j**2. Let b = -1 - -5. Give v(b).
-19
Let r(n) = -11 - 52*n**2 + 11 - 43 + 65*n**2 + 9*n + n**3. Calculate r(-12).
-7
Let r(p) be the first derivative of p**5/20 - p**4/12 + p**3/6 - 13*p**2 - 96*p - 119. Let u(b) be the first derivative of r(b). Determine u(0).
-26
Let s be -9*(-3)/108*84. Let o(t) = -5*t + 49. Give o(s).
-56
Let z(m) = -2*m + 3. Let x(f) = f + 1. Let s(v) = 3*x(v) + z(v). Let p(o) = o**3 - 5*o**2 + 5*o. Let b be p(3). Calculate s(b).
3
Let r(w) = -7*w - 13. Let h(o) = -3*o - 9. Let j(y) = -4*h(y) + 3*r(y). Determine j(-1).
6
Suppose 2*n = -4*c + 20, -84 = 3*n - 5*c - 70. Let z(q) = -5*q - 39*q**3 + 3 - 7*q**2 + 10*q**2 + 38*q**3. What is z(n)?
-3
Let s(j) be the first derivative of j**4/4 + 5*j**3/3 + 3*j**2/2 + 37420. Let h be 1/(-4) - 22/8. Determine s(h).
9
Suppose 1009*g - 1015*g = -6. Let w(c) = -c - 1. Let i(p) = 8*p - 18. Let d(o) = g*i(o) + 3*w(o). Give d(5).
4
Let y(b) be the first derivative of -b**4/4 - 10*b**3/3 - 13*b**2/2 - 5*b - 64. Give y(-9).
31
Let x(b) be the first derivative of -3*b - 35 - 1/3*b**3 + 1/2*b**4 - 3/2*b**2. Determine x(-2).
-17
Let f(l) = l + 27*l + 2 - 41*l + 11*l. Suppose -2*m + 22 = -0*m - 4*a, -m - a + 5 = 0. Let u = m + -4. Calculate f(u).
-4
Let b(n) be the second derivative of -n**3/3 - n**2 + 230536*n. Suppose u + 5*q = -23, -7*u = -2*u - 5*q - 5. Calculate b(u).
4
Let r = 3677 + -3683. Let j(a) be the third derivative of 3*a**2 + 5/24*a**4 + 0*a + 0 - 5/6*a**3 + 1/60*a**5. What is j(r)?
1
Let r(b) be the second derivative of 62*b - 2*b**2 + 0 + 1/6*b**3. Calculate r(-3).
-7
Suppose 2*t + 3*a = 19, -30 = -5*t + 3*a - 7*a. Let q(g) = 324 - g**t - 161 - 159 + 5*g. Determine q(5).
4
Suppose 637*k = -634*k + 1270*k. Let p(w) = -w - 3 + 0 - 2 + 2*w. Calculate p(k).
-5
Let v(o) = -o + 1. Let y = -16 - -17. Suppose -n + 2*n + y = 0. Let i(h) = -2*h - 2. Let u(t) = n*i(t) + v(t). Give u(-8).
-5
Let x(l) = -l**2 - 10*l - 16. Suppose 2*k + 9 = -3*h, -17*k + 22*k + 5*h + 30 = 0. What is x(k)?
-7
Let z(y) = y - 83*y**2 + 243*y**2 - 84*y**2 - 78*y**2. Suppose 5*i - 2*o = 149 + 27, -5*i = -5*o - 185. Let x = i - 35. Determine z(x).
-3
Let d = -25705 + 25675. Let l(a) = -a**3 - 26*a**2 + 122*a + 52. Calculate l(d).
-8
Let b(k) = -4*k**2 + 7*k + 104. Let t(a) = -7*a**2 + 16*a + 198. Let o(y) = -5*b(y) + 3*t(y). What is o(17)?
6
Let k(n) = -n + 1. Let h(j) = -j**3 + 13*j**2 + 14*j + 8. Let m be h(14). Suppose p = 5*v - 19, -3*v - v + m = -2*p. Give k(p).
-5
Let o(d) = -11*d**3 + 4*d**2 + 13*d + 17. Let x(z) = 25*z**3 - 8*z**2 - 26*z - 33. Let u(k) = -9*o(k) - 4*x(k). What is u(-2)?
-3
Let b(i) = -12*i + 185. Let p(q) = q**3 + q**2 + 59*q - 197. Let k be p(3). What is b(k)?
-7
Let o be 6*6/(-45)*(-150)/12. Let t be 2*(25/o - 4). Let r(f) = -f**3 - 4*f**2 - 4*f. Determine r(t).
3
Suppose -2*h + 2 + 32 = -11*q, -4*h - 20 = 0. Let f(s) = s**3 + 7*s**2 + 7*s - 4. Give f(q).
16
Let l(u) = u**3 - 6*u**2 + 33*u - 65. Let p be l(3). Let k(j) = -j**3 + 8*j**2 - 5*j - 8. What is k(p)?
6
Let h be ((-20)/15 - (-443)/(-3))*-1. Suppose 5*x - 85 = -3*c, -5*c + 4*x = 5*x - h. Suppose -35*p + c*p + 40 = 0. Let w(n) = -n**2 + 5*n + 5. Determine w(p).
-19
Let s(n) be the third derivative of n**6/120 + n**5/6 - n**4/6 + 5*n**3/6 + 1124*n**2. What is s(-10)?
45
Suppose h + w - 640 = 6*w, w - 1335 = -2*h. Let y(o) = h - 2*o - 1317 + 663. What is y(7)?
-3
Let s(v) be the first derivative of v**3 - 19*v**2/2 + 22*v + 1373. Determine s(5).
2
Let h(r) = 4*r**2 - r + 2. Let n(l) = -2*l**3 - l**2 + 1. Let j be n(-1). Let s(c) = -10 - 3*c**j + 8*c + 2*c**2 + 0*c**2. Let v be s(6). Give h(v).
16
Let p(q) = 2*q**3 - 11*q**2 + q - 4. Let n(j) = 3*j**3 - 20*j**2 + 3*j - 9. Let f(s) = 3*n(s) - 5*p(s). Let l = 33 - 20. Let b = l + -19. Give f(b).
5
Let j = -9 + 10. Let n(k) be the first derivative of 16/3*k**3 + 0*k - 40 + 1/2*k**2. Determine n(j).
17
Let b(h) = -h**3 - 10*h**2 + 10*h - 6. Suppose -49 = -5*f + 276. Suppose -5*n - 8*n = -f. Suppose -5*p - j - 39 = -n*j, 4*p + 40 = j. Give b(p).
5
Let x(n) = -n**2 + 31*n - 206. Suppose 0 = -200*m + 99 + 1701. Give x(m).
-8
Let v(c) = c - 32. Let y(w) = 230*w + 3460. Let d be y(-15). Give v(d).
-22
Let z be 1/(-2) + (-40)/(-16). Let s(o) = -o**2 + 7*o + 7. Let x be s(7). Suppose 0 = -z*w - x + 5. Let j(g) = 6*g**3 + g**2 + g. What is j(w)?
-6
Let t(m) = m**3 + 7*m**2 + 3*m - 2. Let y = -173 + 275. Let s = y + -109. Determine t(s).
-23
Let v(l) = -11*l - 192. Let h be 182/637 + 121/(-7). What is v(h)?
-5
Let h(t) = -t - 9. Suppose 0 = -5*q + 4*w + 305, 0*q + 2*q = -2*w + 104. Suppose -4*b + p = -q, -2*p - 40 = -5*b + 29. Let c = 10 - b. Give h(c).
-4
Let l be (-4)/3 + (-1)/(-3). Let r(v) = v + 3. Let o(k) = 12*k**2 - 5*k - 18. Let z be (9/2)/(138/184). Let a(x) = z*r(x) + o(x). Determine a(l).
11
Let o(g) = g**2 + 11*g - 32. Let v be o(-13). Let f(q) be the second derivative of -q**3/6 + q**2 + 13*q + 109. Give f(v).
8
Suppose -93*z + 145 + 253 = -811. Let g(o) = -o**3 + 18*o**2 - 69*o + 46. Determine g(z).
-6
Let m(y) be the first derivative of 0*y + y**2 - 1/4*y**4 + 61 - 2/3*y**3. Calculate m(-3).
3
Let m(y) = y**2 + 9*y - 14. Let t be (-1)/(((-1)/4)/((-13)/4)). Let l be m(t). Let r(b) = -23 - 13 - 4*b + l + b**2. Calculate r(4).
2
Let u(h) be the first derivative of h**4/4 - 5*h**3 + 51*h**2/2 - 22*h - 3768. What is u(10)?
-12
Suppose 1264*l - 1290*l = -52. Let a(n) be the first derivative of -2*n - 30 + 3/2*n**l - n**3. Give a(2).
-8
Suppose 4*s = s - 2*l - 32, 5*s = -3*l - 53. Let g = -8 - s. Let c(b) = -5*b + 4. Let j(x) = 10*x - 9. Let w(d) = 7*c(d) + 3*j(d). Give w(g).
-9
Let f(v) = 24*v + 235. Let r(s) = -4*s - 8. Let n(y) = -f(y) - 3*r(y). What is n(-18)?
5
Let f(w) = w**2 + 5*w - 1. Let j be 1 - 3*(-7)/21. Suppose 4*a + 2 + j = s, 3*s + 4 = 4*a. Give f(s).
-5
Let u(r) = 89*r + 13 + 86*r - 159*r + 15 - 4. What is u(-2)?
-8
Let p(l) = 98*l - 200. Let d be p(7). Let j(n) = n**2 + 2*n**2 + 3 - 2*n**3 + d*n - 485*n. Determine j(3).
-21
Let w(i) be the first derivative of -2*i**2 + 1/4*i**4 + 5/3*i**3 - 11 + 0*i. What is w(-6)?
-12
Let c be 32/(-32) + 1*-6*1. Let m(w) be the second derivative of -w**5/20 - 7*w**4/12 + w**3/6 + 3*w**2/2 + 2*w. Give m(c).
-4
Let u(h) be the first derivative of -h**3/3 + 11*h**2/2 + 7*h + 14400. Calculate u(13).
-19
Let t(s) be the second derivative of -s**5/20 + 23*s**4/12 - 43*s**3/6 + 21*s**2/2 + 201*s. Calculate t(21).
0
Suppose 4*w - 75 = -w. Let t(p) = -3*p - 3. Let l(j) = 7*j + 7. Let h be (15 - 6) + (-4 - -1). Let m(s) = h*l(s) + w*t(s). Determine m(4).
-15
Let r(z) = -56*z - 2623. Let h be r(-47). Let q(w) = -w**3 + 10*w**2 - 5*w - 33. Give q(h).
3
Suppose -111*p + 18 = -108*p. Suppose 0 = 2*f - 6*f. Let k(y) = 5*y + f*y + 11 - y**2 + 2*y - 4. What is k(p)?
13
Let d(j) = -j - 5. Suppose -6*a + 0 = -6. Suppose 13 - a = -3*i. Calculate d(i).
-1
Let x(g) = -2*g + 3*g + 6 - 5 + 6*g - 72. Give x(9).
-8
Let y(o) = -9*o - 14. Suppose 5*p + 5*r = 0, 2 - 4 = -3*p - r. Let w(x) = -2*x - 1. Let k(n) = p*y(n) - 6*w(n). What is k(-7)?
-29
Let f(o) = o + 12. Suppose 15 = -2*h - y, -2*h - 4*y - 11 = y. Let d(q) = 5*q + 35. Let b be d(h). Determine f(b).
7
Let y(l) = 2*l + 9. Let q(t) = t**3 + 23*t**2 - 30*t - 679. Let x 